 0. Let g(l) = 42*l - 23. Let s be g(9). Suppose -5*x = a*o - s, -x + 5*o - 7*o = -70. Calculate the highest common factor of 8 and x.
8
Suppose -5*z + k + 125 = -48, k - 167 = -5*z. Suppose b - 2*b + w + z = 0, 2*w + 136 = 4*b. What is the greatest common factor of b and 51?
17
Let y be 184/10 - 8/20. Let p(u) = 17*u + 26. Let v = -25 - -33. Let m be p(v). What is the greatest common factor of m and y?
18
Suppose -40 = -4*g + 72. Suppose 6*l - 2*c - 326 = 2*l, 267 = 3*l + 3*c. What is the highest common factor of l and g?
28
Let k(x) = 2*x**2 - 41*x + 360. Let v be k(7). Calculate the highest common factor of v and 209.
19
Let q = -1509 - -1679. What is the highest common factor of 34 and q?
34
Let l = 7 - 5. Let g be (-6)/(-2) - 4 - l. Let u be 10 + 2 + 1 - g. Calculate the highest common divisor of 8 and u.
8
Suppose d + 86 = 3*u, 6*u + d = 3*u + 82. Suppose -u = -8*i + 4*i. What is the highest common factor of i and 49?
7
Suppose 0 = 5*n + 15, -5*d + 3*n + 28 = -61. Let j = 2 + 4. Suppose 4*x = j*x - 160. Calculate the greatest common divisor of x and d.
16
Let v(k) = -k**3 - k + 1. Let r(y) = -5*y**3 + 6*y**2 - 13*y + 21. Let j(u) = r(u) - 6*v(u). Let a be j(-7). Calculate the highest common factor of 10 and a.
5
Let r(w) be the first derivative of 5*w**2/2 - 22*w + 8. Let p be r(11). Let g(j) = 2*j - 1. Let m be g(2). What is the highest common factor of p and m?
3
Let g(x) = 23 - 4*x**2 - x**3 - 16*x + 25*x**2 - 3*x**2. Let c be g(17). Calculate the greatest common divisor of 8 and c.
8
Suppose 3*j - 5*j + 20 = -4*v, -j + 11 = -3*v. Let a(l) = 5*l**3 - 41*l**2 + 10*l - 12. Let z be a(8). Calculate the greatest common factor of j and z.
4
Let v be 88/7 + 180/420. Suppose 2*f + 4*t = 26, -6*t = 5*f - 2*t - 59. Suppose f = 2*l - 15. What is the highest common factor of v and l?
13
Let y be 3*1/24 - 21833/(-56). Suppose -7*n + 345 + y = 0. What is the greatest common divisor of 30 and n?
15
Let k be (970/4)/(4*6/48). What is the highest common factor of k and 388?
97
Let k(w) = w**2 - w + 120. Let j = -12 + 12. Let o be k(j). Calculate the greatest common divisor of 30 and o.
30
Suppose -3*o + 4*o - 5*m = 24, 2*o - 5*m = 33. Calculate the greatest common factor of o and 4.
1
Let f(p) = -109*p**3 + 2*p**2 + p. Let t be f(-1). Suppose -5*c - x = -5*x - 66, 3*c - 50 = 5*x. Calculate the highest common factor of t and c.
10
Suppose -4*n - 449 = -3*s, -2*s - 21 + 318 = -5*n. Let d = 256 - s. Let y = -26 + 41. What is the highest common divisor of y and d?
15
Let a be 32/(-10)*405/(-54). Let l be (4 - 44/12)*a. Let m(j) = j**2 - 4*j + 1. Let s be m(l). What is the greatest common divisor of s and 297?
33
Suppose 5*o - 72 = -3*b, 5*o - 22 = b + 34. Calculate the greatest common divisor of o and 42.
6
Let h(z) = 4*z**2 + 4*z - 1. Let j be h(3). Let l = j + -29. Calculate the highest common divisor of l and 36.
18
Suppose -5*u + 96 = -u. Let j(g) = g - 1. Let o(r) = -2*r + 1. Let s(w) = 5*j(w) + 3*o(w). Let p be s(-5). Calculate the greatest common factor of p and u.
3
Let g(a) = -103*a + 24. Let i be g(-5). Let b(y) = y**3 - 12*y**2 + 15*y + 5. Let k be b(11). What is the highest common factor of k and i?
49
Let a be 34*(-2 + 6/4)/(-1). Suppose -n + k = -a, 61 = 5*n + k - 24. What is the highest common factor of n and 85?
17
Let w(g) = 9*g + 21. Let x = -35 - -43. Let o be w(x). Calculate the highest common divisor of 62 and o.
31
Let j = -1236 - -1238. What is the highest common divisor of j and 3?
1
Let v(n) = 4*n**3 + 15*n**2 - 38*n - 6. Let t be v(5). What is the highest common divisor of t and 7?
7
Suppose -3*n - 13*n = -1008. What is the highest common factor of 273 and n?
21
Let b(t) = 20*t - 240. Let d be b(14). Suppose -2*l = -5*l + 3. Let o be (-1)/(((-1)/10)/l). What is the highest common divisor of o and d?
10
Let y(f) = f**2 - 2*f - 5. Let x be y(5). Let r be (1/(-1))/((-2)/x). Suppose 0 = -r*l + 127 - 22. What is the greatest common factor of l and 231?
21
Let f(a) = -a**3 + a**2 + 4*a + 3. Let o be f(-2). Let x = -2 + o. Suppose -x*u + 705 - 215 = 0. What is the greatest common divisor of u and 14?
14
Let q(a) = -a**2 + 7*a + 17. Let p(s) = 2*s - 9. Let o be p(7). Let f be q(o). What is the greatest common divisor of f and 9?
9
Suppose 0 = 5*x - 2*x - 255. Let u = 127 - x. Let q be 1219/207 + 3/27. Calculate the highest common factor of u and q.
6
Let l(p) = 22*p + 9. Let y(i) = -90*i - 37. Let j(a) = 26*l(a) + 6*y(a). Let d be j(1). What is the highest common divisor of d and 11?
11
Let f(d) = 5*d + 4. Let t be f(3). Suppose 5*k - t = 31. What is the highest common factor of 30 and k?
10
Let g be ((-6)/18 - -1) + 5754/9. Calculate the greatest common divisor of g and 20.
20
Let s = -341 - -366. Calculate the highest common divisor of 1 and s.
1
Suppose 3*n - 2*n - 144 = 3*o, -2*n + 2*o + 288 = 0. Suppose 0 = 2*f + 2, -2*f - 13 = -y + 5. What is the greatest common factor of y and n?
16
Suppose -27 = -19*a + 22*a. Let p be ((-6)/a)/(2/111) - -3. Calculate the highest common divisor of p and 160.
40
Let r(m) = 21*m**3 + 6*m**2 - 3*m - 2. Let x be r(3). What is the highest common divisor of 10 and x?
10
Let n = 22 - 21. Let l(s) = 520*s**3 + 1. Let i be l(n). Let t be (-7)/(-14) + i/2. What is the greatest common divisor of t and 29?
29
Let t(d) = -162*d - 4. Let c be t(-1). Let y = 252 - c. What is the greatest common divisor of 141 and y?
47
Let t(n) = -5*n - 13. Let q be t(-3). Let k be (-3)/(-9) + q/(12/130). Calculate the highest common divisor of k and 154.
22
Suppose 2*g = -3*l + 702, -58*l = 4*g - 60*l - 1372. Calculate the greatest common factor of 105 and g.
15
Let r = 1435 + -1005. Suppose 0 = -5*h - 5*k + r, -3*h - 3*k + k = -253. Calculate the highest common factor of 9 and h.
9
Suppose 4*h = 8*h - 112. Suppose -h = -g - 0*g - 5*f, 5*f = 25. Suppose 78 = 5*t - r, 3*r + 2*r = g*t - 38. Calculate the greatest common factor of t and 80.
16
Let y = 60 - 39. Suppose -41 = 5*x - 3*h, -3*h - h + 22 = -2*x. Let k be (2 + x)*(-84)/10. What is the highest common divisor of y and k?
21
Suppose 4*z - 6 = 2*z. Suppose 4*g + g - z*m - 106 = 0, g - 3*m = 26. Suppose 2*f - 3*f + 220 = 0. Calculate the highest common factor of f and g.
20
Suppose -680 = -4*p - p. What is the greatest common divisor of p and 34?
34
Let b be 2/(-2)*-101 - -2. Suppose -5*m = 2*j - 2*m - b, 0 = 5*m - 25. Suppose 0 = 15*w - 10*w - 55. Calculate the highest common divisor of w and j.
11
Let l(t) = -4*t + 22. Let g be l(-3). What is the greatest common divisor of g and 1?
1
Let x = 1185 - 1077. Calculate the highest common divisor of 144 and x.
36
Let m be 4/(-10) + 35/25 - -29. Suppose -3*c + 304 = 2*d - 2*c, -2*d + 320 = 5*c. What is the highest common divisor of m and d?
30
Let u be (-1)/((-6)/45)*(-94)/(-3). Suppose -g + 11 - u = -2*y, 0 = 3*y + 3*g - 336. Calculate the greatest common divisor of y and 7.
7
Let m be (-1)/2 - (-242)/4. Let p = 6 + -2. Suppose w - 20 = p. Calculate the greatest common factor of m and w.
12
Suppose -69 = -3*t + 9. Suppose 7*v - 5*v - t = 0. Let o = -8 + v. What is the greatest common factor of 45 and o?
5
Let f(g) = g**2 + 7*g. Let o be f(-10). Suppose -4*i = -293 - 55. Suppose s - 3*r + i = 3*s, 179 = 4*s + r. What is the greatest common factor of s and o?
15
Let m(i) = 443*i - 2. Let j be m(1). Suppose -11*p = -4*p - j. Calculate the highest common factor of p and 9.
9
Let q = -16 - -20. Let k = 3 - -1. Suppose -q*j + 41 = -4*i + i, k*j - 51 = i. What is the highest common divisor of 2 and j?
2
Suppose 3*c - 3*f + 11 = 8, 5*c + 4*f - 22 = 0. Let d = 53 - 26. Suppose 0 = c*n - 4, -4*n - 25 - d = -5*y. Calculate the greatest common factor of y and 30.
6
Suppose 0 = -a + 83 + 22. Suppose 2*p - q = 2*q + a, 0 = -5*p - 3*q + 231. Calculate the greatest common factor of 120 and p.
24
Suppose -5*y - 2*a + 210 = 0, -5*a + 79 = 4*y - 106. Calculate the highest common factor of y and 24.
8
Suppose 149*l - 160*l = -330. Let v = -1 + 0. Let i be 0 + (-2 - (v - 46)). What is the highest common divisor of l and i?
15
Suppose 4*j - 769 = 32*i - 27*i, j - 2*i - 190 = 0. What is the greatest common divisor of 56 and j?
28
Suppose 114 = 4*t + 6. Suppose 18 = 2*h - 0. Let v be 596/h - 6/t. What is the highest common factor of 6 and v?
6
Let